{"id":7,"date":"2013-06-08T10:03:15","date_gmt":"2013-06-08T10:03:15","guid":{"rendered":"http:\/\/www.kudbarban.hr\/stranica\/?page_id=7"},"modified":"2023-07-08T13:20:06","modified_gmt":"2023-07-08T11:20:06","slug":"o-nama","status":"publish","type":"page","link":"https:\/\/www.kudbarban.hr\/stranica\/?page_id=7","title":{"rendered":"O nama"},"content":{"rendered":"<p>Kulturno &#8211; umjetni\u010dko dru\u0161tvo \u201cBarban\u201d osnovano je\u00a0<strong>17. travnja 1976. <\/strong>Osniva\u010dka skup\u0161tina Dru\u0161tva je na inicijativu Josipa Mauri\u0107a, Romana Broskvara, Antona Per\u010di\u0107a, Lucijana Benkovi\u0107a, Renate Osip i Olge \u0160tifani\u0107 odr\u017eana u prostorijama barbanske Osnovne \u0161kole.<\/p>\n<p>Za prvog predsjednika izabran je Josip Mauri\u0107, slijedili su Anton Per\u010di\u0107, Mar\u010delo Broskvar, Romano Broskvar, Josip Tro\u0161t, Dean Mauri\u0107, Marino Broskvar, Lara Vale, David Broskvar. Trenutnu funkciju predsjednika Dru\u0161tva obavlja Marino Broskvar.<\/p>\n<p>Nakon osnutka u Dru\u0161tvu su djelovale sljede\u0107e sekcije:<\/p>\n<ul>\n<li>mje\u0161oviti pjeva\u010dki zbor<\/li>\n<li>sekcija recitatora<\/li>\n<li>folklorna sekcija<\/li>\n<\/ul>\n<p><em>Mje\u0161oviti pjeva\u010dki zbor<\/em>\u00a0KUD-a \u201cBarban\u201d je nedugo nakon utemeljenja prestao s radom. \u010clanovi zbora ponovno su se aktivirali 1984. godine, a njegova se djelatnost gasi 1989. Voditeljica zbora bila je Silvija Lorencin \u2013 Vitalji\u0107.<\/p>\n<p><em>Recitatorska sekcija<\/em>\u00a0je okupljala zaljubljenike u doma\u0107u besidu a oni su na tada\u0161njim priredbama predstavljali izvornu ljepotu lepeze \u010dakav\u0161tine. Sekcija je djelovala do 1988. godine kada prestaje s radom. Voditelji su bili Emil Per\u010di\u0107 i Nives Tro\u0161t.<\/p>\n<p>Okosnicu rada barbanskog KUD-a uvijek je predstavljala\u00a0<em>folklorna sekcija<\/em>\u00a0koja je od samih za\u010detaka organiziranog djelovanja odredila svoj cilj: \u010duvanje, njegovanje i preno\u0161enje na mla\u0111e nara\u0161taje spoznaje i ljubav prema izvornoj narodnoj glazbenoj ba\u0161tini svoga kraja. U folklornoj sekciji djeluju tri grupe: grupa narodnih pjeva\u010da, grupa svira\u010da na narodnim instrumentima i grupa plesa\u010da.<\/p>\n<p>Oko 300 vrijednih \u010dlanova dalo je svoj doprinos u radu barbanskog kulturno &#8211; umjetni\u010dkog dru\u0161tva od 1976. do danas. Tijekom godina Dru\u0161tvo je sudjelovalo na brojnim folklornim i drugim manifestacijama, snimanjima za radio, televiziju i sl. U prosjeku, \u010dlanovi KUD\u2013a \u201cBarban\u201d su godi\u0161nje sudjelovali na dvadesetak manifestacija pa se do danas mogu pohvaliti sa \u0161estotinjak ostvarenih nastupa.<\/p>\n<p>Svoj rad KUD \u201cBarban\u201d je uspje\u0161no predstavljao tijekom vi\u0161estrukih sudjelovanja na Me\u0111unarodnoj smotri folklora u Zagrebu, Vinkova\u010dkim jesenima, Smotri folklora \u201cNa Neretvu mise\u010dina pala\u201d, 1. Susretu mu\u0161kih pjeva\u010dkih skupina u Ivani\u0107 Gradu i brojnim drugim manifestacijama u na\u0161oj zemlji.<\/p>\n<p>\u010clanovi Dru\u0161tva su sudjelovali i na brojnim manifestacijama i festivalima folklora u inozemstvu: Festival folklora podunavskih zemalja u Ma\u0111arskoj, Me\u0111unarodni festival folklora u Italiji. Nastupali su tako\u0111er u Austriji, Danskoj, Njema\u010dkoj, Sloveniji, Bosni i Hercegovini.<\/p>\n<p>Tijekom godina \u010dlanovi Dru\u0161tva su sudjelovali u brojnim radio i tv emisijama, snimali pjesme i svirke Barban\u0161tine za potrebe Instituta za etnologiju i folkloristiku iz Zagreba, aktivno sudjelovali u radu stru\u010dno-znanstvenih skupova i Okruglih stolova o folkloru i tradicijskoj ba\u0161tini.<\/p>\n<p>Va\u017eno je istaknuti da \u010dlanstvo u KUD-u \u201cBarban\u201d nije samo sudjelovanje na raznim folklornim manifestacijama, upoznavanje starih napjeva i svirki, plesanje plesova karakteristi\u010dnih za na\u0161 kraj, upoznavanje i valoriziranje \u010dakavskog dijalekta Barban\u0161tine, upoznavanje obi\u010daja na\u0161eg kraja. Valja istaknuti i brojna neformalna dru\u017eenja \u010dlanova Dru\u0161tva, organizirane proslave i sve\u010danosti, zajedni\u010dke izlete i sl. Tako\u0111er je uobi\u010dajeno da na vjen\u010danjima \u010dlanova KUD-a \u201cBarban\u201d nastupaju ostali \u010dlanovi s prigodnim programom. Rad i djelovanje \u010dlanova Dru\u0161tva pro\u017eeto je prije svega prijateljskom odnosima, koje resi veliki entuzijazam i zajedni\u0161tvo, o \u010demu svjedo\u010de brojni uspje\u0161ni nastupi, snimanja, smotre folklora, susreti, odr\u017eane probe i dru\u017eenja.<\/p>\n<p>\u00a0<\/p>\n\n\n<figure class=\"wp-block-gallery has-nested-images columns-default is-cropped wp-block-gallery-1 is-layout-flex wp-block-gallery-is-layout-flex\">\n<figure class=\"wp-block-image size-full\"><a href=\"https:\/\/www.kudbarban.hr\/stranica\/wp-content\/uploads\/2022\/09\/kud-barban.jpg\"><img fetchpriority=\"high\" decoding=\"async\" width=\"422\" height=\"422\" data-id=\"1124\" src=\"https:\/\/www.kudbarban.hr\/stranica\/wp-content\/uploads\/2022\/09\/kud-barban.jpg\" alt=\"\" class=\"wp-image-1124\" srcset=\"https:\/\/www.kudbarban.hr\/stranica\/wp-content\/uploads\/2022\/09\/kud-barban.jpg 422w, https:\/\/www.kudbarban.hr\/stranica\/wp-content\/uploads\/2022\/09\/kud-barban-180x180.jpg 180w, https:\/\/www.kudbarban.hr\/stranica\/wp-content\/uploads\/2022\/09\/kud-barban-119x119.jpg 119w\" sizes=\"(max-width: 422px) 100vw, 422px\" \/><\/a><\/figure>\n\n\n\n<figure class=\"wp-block-image size-full\"><a href=\"https:\/\/www.kudbarban.hr\/stranica\/wp-content\/uploads\/2021\/02\/BALUN_2470-copy.jpg\"><img decoding=\"async\" width=\"717\" height=\"503\" data-id=\"1020\" src=\"https:\/\/www.kudbarban.hr\/stranica\/wp-content\/uploads\/2021\/02\/BALUN_2470-copy.jpg\" alt=\"\" class=\"wp-image-1020\" srcset=\"https:\/\/www.kudbarban.hr\/stranica\/wp-content\/uploads\/2021\/02\/BALUN_2470-copy.jpg 717w, https:\/\/www.kudbarban.hr\/stranica\/wp-content\/uploads\/2021\/02\/BALUN_2470-copy-180x126.jpg 180w, https:\/\/www.kudbarban.hr\/stranica\/wp-content\/uploads\/2021\/02\/BALUN_2470-copy-422x296.jpg 422w, https:\/\/www.kudbarban.hr\/stranica\/wp-content\/uploads\/2021\/02\/BALUN_2470-copy-170x119.jpg 170w\" sizes=\"(max-width: 717px) 100vw, 717px\" \/><\/a><\/figure>\n\n\n\n<figure class=\"wp-block-image size-full\"><a href=\"https:\/\/www.kudbarban.hr\/stranica\/wp-content\/uploads\/2018\/07\/36844543_129131671323303_3343033415984218112_o.jpg\"><img decoding=\"async\" width=\"976\" height=\"651\" data-id=\"929\" src=\"https:\/\/www.kudbarban.hr\/stranica\/wp-content\/uploads\/2018\/07\/36844543_129131671323303_3343033415984218112_o.jpg\" alt=\"\" class=\"wp-image-929\" srcset=\"https:\/\/www.kudbarban.hr\/stranica\/wp-content\/uploads\/2018\/07\/36844543_129131671323303_3343033415984218112_o.jpg 976w, https:\/\/www.kudbarban.hr\/stranica\/wp-content\/uploads\/2018\/07\/36844543_129131671323303_3343033415984218112_o-180x120.jpg 180w, https:\/\/www.kudbarban.hr\/stranica\/wp-content\/uploads\/2018\/07\/36844543_129131671323303_3343033415984218112_o-422x281.jpg 422w, https:\/\/www.kudbarban.hr\/stranica\/wp-content\/uploads\/2018\/07\/36844543_129131671323303_3343033415984218112_o-178x119.jpg 178w, https:\/\/www.kudbarban.hr\/stranica\/wp-content\/uploads\/2018\/07\/36844543_129131671323303_3343033415984218112_o-768x512.jpg 768w\" sizes=\"(max-width: 976px) 100vw, 976px\" \/><\/a><\/figure>\n\n\n\n<figure class=\"wp-block-image size-full\"><a href=\"https:\/\/www.kudbarban.hr\/stranica\/wp-content\/uploads\/2023\/07\/IMG-d0ab10d4e437fe535ef495bad9eb29e0-V.jpg\"><img loading=\"lazy\" decoding=\"async\" width=\"976\" height=\"800\" data-id=\"1713\" src=\"https:\/\/www.kudbarban.hr\/stranica\/wp-content\/uploads\/2023\/07\/IMG-d0ab10d4e437fe535ef495bad9eb29e0-V.jpg\" alt=\"\" class=\"wp-image-1713\" srcset=\"https:\/\/www.kudbarban.hr\/stranica\/wp-content\/uploads\/2023\/07\/IMG-d0ab10d4e437fe535ef495bad9eb29e0-V.jpg 976w, https:\/\/www.kudbarban.hr\/stranica\/wp-content\/uploads\/2023\/07\/IMG-d0ab10d4e437fe535ef495bad9eb29e0-V-180x148.jpg 180w, https:\/\/www.kudbarban.hr\/stranica\/wp-content\/uploads\/2023\/07\/IMG-d0ab10d4e437fe535ef495bad9eb29e0-V-422x346.jpg 422w, https:\/\/www.kudbarban.hr\/stranica\/wp-content\/uploads\/2023\/07\/IMG-d0ab10d4e437fe535ef495bad9eb29e0-V-145x119.jpg 145w, https:\/\/www.kudbarban.hr\/stranica\/wp-content\/uploads\/2023\/07\/IMG-d0ab10d4e437fe535ef495bad9eb29e0-V-768x630.jpg 768w\" sizes=\"(max-width: 976px) 100vw, 976px\" \/><\/a><\/figure>\n\n\n\n<figure class=\"wp-block-image size-full\"><a href=\"https:\/\/www.kudbarban.hr\/stranica\/wp-content\/uploads\/2023\/07\/IMG-151557beb30eeccc49dbe3098baa22b7-V.jpg\"><img loading=\"lazy\" decoding=\"async\" width=\"976\" height=\"651\" data-id=\"1707\" src=\"https:\/\/www.kudbarban.hr\/stranica\/wp-content\/uploads\/2023\/07\/IMG-151557beb30eeccc49dbe3098baa22b7-V.jpg\" alt=\"\" class=\"wp-image-1707\" srcset=\"https:\/\/www.kudbarban.hr\/stranica\/wp-content\/uploads\/2023\/07\/IMG-151557beb30eeccc49dbe3098baa22b7-V.jpg 976w, https:\/\/www.kudbarban.hr\/stranica\/wp-content\/uploads\/2023\/07\/IMG-151557beb30eeccc49dbe3098baa22b7-V-180x120.jpg 180w, https:\/\/www.kudbarban.hr\/stranica\/wp-content\/uploads\/2023\/07\/IMG-151557beb30eeccc49dbe3098baa22b7-V-422x281.jpg 422w, https:\/\/www.kudbarban.hr\/stranica\/wp-content\/uploads\/2023\/07\/IMG-151557beb30eeccc49dbe3098baa22b7-V-178x119.jpg 178w, https:\/\/www.kudbarban.hr\/stranica\/wp-content\/uploads\/2023\/07\/IMG-151557beb30eeccc49dbe3098baa22b7-V-768x512.jpg 768w\" sizes=\"(max-width: 976px) 100vw, 976px\" \/><\/a><\/figure>\n<\/figure>\n","protected":false},"excerpt":{"rendered":"<p>Kulturno &#8211; umjetni\u010dko dru\u0161tvo \u201cBarban\u201d osnovano je\u00a017. travnja 1976. Osniva\u010dka skup\u0161tina Dru\u0161tva je na inicijativu Josipa Mauri\u0107a, Romana Broskvara, Antona Per\u010di\u0107a, Lucijana Benkovi\u0107a, Renate Osip i Olge \u0160tifani\u0107 odr\u017eana u prostorijama barbanske Osnovne \u0161kole. Za prvog predsjednika izabran je Josip Mauri\u0107, slijedili su Anton Per\u010di\u0107, Mar\u010delo Broskvar, Romano Broskvar, Josip Tro\u0161t, Dean Mauri\u0107, Marino Broskvar, [&hellip;]<\/p>\n","protected":false},"author":1,"featured_media":0,"parent":0,"menu_order":0,"comment_status":"open","ping_status":"open","template":"","meta":{"footnotes":""},"_links":{"self":[{"href":"https:\/\/www.kudbarban.hr\/stranica\/index.php?rest_route=\/wp\/v2\/pages\/7"}],"collection":[{"href":"https:\/\/www.kudbarban.hr\/stranica\/index.php?rest_route=\/wp\/v2\/pages"}],"about":[{"href":"https:\/\/www.kudbarban.hr\/stranica\/index.php?rest_route=\/wp\/v2\/types\/page"}],"author":[{"embeddable":true,"href":"https:\/\/www.kudbarban.hr\/stranica\/index.php?rest_route=\/wp\/v2\/users\/1"}],"replies":[{"embeddable":true,"href":"https:\/\/www.kudbarban.hr\/stranica\/index.php?rest_route=%2Fwp%2Fv2%2Fcomments&post=7"}],"version-history":[{"count":12,"href":"https:\/\/www.kudbarban.hr\/stranica\/index.php?rest_route=\/wp\/v2\/pages\/7\/revisions"}],"predecessor-version":[{"id":1851,"href":"https:\/\/www.kudbarban.hr\/stranica\/index.php?rest_route=\/wp\/v2\/pages\/7\/revisions\/1851"}],"wp:attachment":[{"href":"https:\/\/www.kudbarban.hr\/stranica\/index.php?rest_route=%2Fwp%2Fv2%2Fmedia&parent=7"}],"curies":[{"name":"wp","href":"https:\/\/api.w.org\/{rel}","templated":true}]}}